{"id":1262,"date":"2024-10-10T23:31:48","date_gmt":"2024-10-11T04:31:48","guid":{"rendered":"https:\/\/boutiquefloralec.com\/?page_id=1262"},"modified":"2026-02-26T19:35:16","modified_gmt":"2026-02-27T00:35:16","slug":"contacto","status":"publish","type":"page","link":"https:\/\/boutiquefloralec.com\/index.php\/contacto\/","title":{"rendered":"CONTACTO"},"content":{"rendered":"\n<div class=\"wp-block-stackable-columns stk-block-columns stk-block stk-5c1eda3\" data-block-id=\"5c1eda3\"><div class=\"stk-row stk-inner-blocks stk-block-content stk-content-align stk-5c1eda3-column\">\n<div class=\"wp-block-stackable-column stk-block-column stk-column stk-block stk-fbc8fa9\" data-v=\"4\" data-block-id=\"fbc8fa9\"><style>@media screen and (min-width:690px){.stk-fbc8fa9 {flex:var(--stk-flex-grow, 1) 1 calc(61.69999999999999% - var(--stk-column-gap, 0px) * 1 \/ 2 ) !important;}}<\/style><div class=\"stk-column-wrapper stk-block-column__content stk-container stk-fbc8fa9-container stk--no-background stk--no-padding\"><div class=\"stk-block-content stk-inner-blocks stk-fbc8fa9-inner-blocks\">\n<h2 class=\"wp-block-heading\">Necesitas Ayuda ..!!<\/h2>\n\n\n\n<p>Si tienes dudas, comentarios, deseas saber alguna informaci\u00f3n o tienes un requerimiento en especial puedes contactarnos a trav\u00e9s de nuestro correo electr\u00f3nico, whatsapp :<\/p>\n\n\n\n<p><strong>Correo<\/strong> : hola@boutiquefloralec.com<br><strong>Celular<\/strong> : (+593) 0980924052 \/ 0939859734<\/p>\n\n\n\n<p><strong>Direcci\u00f3n:<\/strong> Loja, Eduardo Kigman Y Acasias , sector Supermaxi .<\/p>\n\n\n\n<p><strong>Servicio al Cliente y Pedidos<\/strong><\/p>\n<\/div><\/div><\/div>\n\n\n\n<div class=\"wp-block-stackable-column stk-block-column stk-column stk-block stk-959d0a1\" data-v=\"4\" data-block-id=\"959d0a1\"><style>@media screen and (min-width:690px){.stk-959d0a1 {flex:var(--stk-flex-grow, 1) 1 calc(38.30000000000001% - var(--stk-column-gap, 0px) * 1 \/ 2 ) !important;}}<\/style><div class=\"stk-column-wrapper stk-block-column__content stk-container stk-959d0a1-container stk--no-background stk--no-padding\"><div class=\"stk-block-content stk-inner-blocks stk-959d0a1-inner-blocks\">\n<div class=\"wp-block-group is-layout-constrained wp-block-group-is-layout-constrained\">\n<div class=\"wp-block-stackable-image stk-block-image stk-block stk-9e616a8\" data-block-id=\"9e616a8\"><figure><span class=\"stk-img-wrapper stk-image--shape-stretch\"><img loading=\"lazy\" decoding=\"async\" class=\"stk-img wp-image-1149\" src=\"http:\/\/boutiquefloralec.com\/wp-content\/uploads\/2024\/09\/Diseno-sin-titulo1.jpg\" width=\"2500\" height=\"1500\" srcset=\"https:\/\/boutiquefloralec.com\/wp-content\/uploads\/2024\/09\/Diseno-sin-titulo1.jpg 2500w, https:\/\/boutiquefloralec.com\/wp-content\/uploads\/2024\/09\/Diseno-sin-titulo1-300x180.jpg 300w, https:\/\/boutiquefloralec.com\/wp-content\/uploads\/2024\/09\/Diseno-sin-titulo1-1024x614.jpg 1024w, https:\/\/boutiquefloralec.com\/wp-content\/uploads\/2024\/09\/Diseno-sin-titulo1-768x461.jpg 768w, https:\/\/boutiquefloralec.com\/wp-content\/uploads\/2024\/09\/Diseno-sin-titulo1-1536x922.jpg 1536w, https:\/\/boutiquefloralec.com\/wp-content\/uploads\/2024\/09\/Diseno-sin-titulo1-2048x1229.jpg 2048w, https:\/\/boutiquefloralec.com\/wp-content\/uploads\/2024\/09\/Diseno-sin-titulo1-1320x792.jpg 1320w, https:\/\/boutiquefloralec.com\/wp-content\/uploads\/2024\/09\/Diseno-sin-titulo1-600x360.jpg 600w\" sizes=\"auto, (max-width: 2500px) 100vw, 2500px\" \/><\/span><\/figure><\/div>\n<\/div>\n<\/div><\/div><\/div>\n<\/div><\/div>\n\n\n\n<p><\/p>\n","protected":false},"excerpt":{"rendered":"<p>Necesitas Ayuda ..!! Si tienes dudas, comentarios, deseas saber alguna informaci\u00f3n o tienes un requerimiento en especial puedes contactarnos a trav\u00e9s de nuestro correo electr\u00f3nico, whatsapp : Correo : hola@boutiquefloralec.comCelular : (+593) 0980924052 \/ 0939859734 Direcci\u00f3n: Loja, Eduardo Kigman Y Acasias , sector Supermaxi . Servicio al Cliente y Pedidos<\/p>\n","protected":false},"author":1,"featured_media":0,"parent":0,"menu_order":0,"comment_status":"closed","ping_status":"closed","template":"","meta":{"footnotes":""},"class_list":["post-1262","page","type-page","status-publish","hentry"],"blocksy_meta":[],"yoast_head":"<!-- This site is optimized with the Yoast SEO plugin v27.3 - https:\/\/yoast.com\/product\/yoast-seo-wordpress\/ -->\n<title>CONTACTO - Boutique Floral<\/title>\n<meta name=\"robots\" content=\"index, follow, max-snippet:-1, max-image-preview:large, max-video-preview:-1\" \/>\n<link rel=\"canonical\" href=\"https:\/\/boutiquefloralec.com\/index.php\/contacto\/\" \/>\n<meta property=\"og:locale\" content=\"es_ES\" \/>\n<meta property=\"og:type\" content=\"article\" \/>\n<meta property=\"og:title\" content=\"CONTACTO - Boutique Floral\" \/>\n<meta property=\"og:description\" content=\"Necesitas Ayuda ..!! Si tienes dudas, comentarios, deseas saber alguna informaci\u00f3n o tienes un requerimiento en especial puedes contactarnos a trav\u00e9s de nuestro correo electr\u00f3nico, whatsapp : Correo : hola@boutiquefloralec.comCelular : (+593) 0980924052 \/ 0939859734 Direcci\u00f3n: Loja, Eduardo Kigman Y Acasias , sector Supermaxi . Servicio al Cliente y Pedidos\" \/>\n<meta property=\"og:url\" content=\"https:\/\/boutiquefloralec.com\/index.php\/contacto\/\" \/>\n<meta property=\"og:site_name\" content=\"Boutique Floral\" \/>\n<meta property=\"article:publisher\" content=\"https:\/\/www.facebook.com\/boutiquefloralec\/\" \/>\n<meta property=\"article:modified_time\" content=\"2026-02-27T00:35:16+00:00\" \/>\n<meta property=\"og:image\" content=\"https:\/\/boutiquefloralec.com\/wp-content\/uploads\/2024\/09\/Diseno-sin-titulo1.jpg\" \/>\n\t<meta property=\"og:image:width\" content=\"2500\" \/>\n\t<meta property=\"og:image:height\" content=\"1500\" \/>\n\t<meta property=\"og:image:type\" content=\"image\/jpeg\" \/>\n<meta name=\"twitter:card\" content=\"summary_large_image\" \/>\n<meta name=\"twitter:label1\" content=\"Tiempo de lectura\" \/>\n\t<meta name=\"twitter:data1\" content=\"1 minuto\" \/>\n<script type=\"application\/ld+json\" class=\"yoast-schema-graph\">{\"@context\":\"https:\\\/\\\/schema.org\",\"@graph\":[{\"@type\":\"WebPage\",\"@id\":\"https:\\\/\\\/boutiquefloralec.com\\\/index.php\\\/contacto\\\/\",\"url\":\"https:\\\/\\\/boutiquefloralec.com\\\/index.php\\\/contacto\\\/\",\"name\":\"CONTACTO - Boutique Floral\",\"isPartOf\":{\"@id\":\"https:\\\/\\\/boutiquefloralec.com\\\/#website\"},\"primaryImageOfPage\":{\"@id\":\"https:\\\/\\\/boutiquefloralec.com\\\/index.php\\\/contacto\\\/#primaryimage\"},\"image\":{\"@id\":\"https:\\\/\\\/boutiquefloralec.com\\\/index.php\\\/contacto\\\/#primaryimage\"},\"thumbnailUrl\":\"http:\\\/\\\/boutiquefloralec.com\\\/wp-content\\\/uploads\\\/2024\\\/09\\\/Diseno-sin-titulo1.jpg\",\"datePublished\":\"2024-10-11T04:31:48+00:00\",\"dateModified\":\"2026-02-27T00:35:16+00:00\",\"breadcrumb\":{\"@id\":\"https:\\\/\\\/boutiquefloralec.com\\\/index.php\\\/contacto\\\/#breadcrumb\"},\"inLanguage\":\"es\",\"potentialAction\":[{\"@type\":\"ReadAction\",\"target\":[\"https:\\\/\\\/boutiquefloralec.com\\\/index.php\\\/contacto\\\/\"]}]},{\"@type\":\"ImageObject\",\"inLanguage\":\"es\",\"@id\":\"https:\\\/\\\/boutiquefloralec.com\\\/index.php\\\/contacto\\\/#primaryimage\",\"url\":\"https:\\\/\\\/boutiquefloralec.com\\\/wp-content\\\/uploads\\\/2024\\\/09\\\/Diseno-sin-titulo1.jpg\",\"contentUrl\":\"https:\\\/\\\/boutiquefloralec.com\\\/wp-content\\\/uploads\\\/2024\\\/09\\\/Diseno-sin-titulo1.jpg\",\"width\":2500,\"height\":1500,\"caption\":\"xr:d:DAEoCOUtdDE:38,j:29604584830,t:22062805\"},{\"@type\":\"BreadcrumbList\",\"@id\":\"https:\\\/\\\/boutiquefloralec.com\\\/index.php\\\/contacto\\\/#breadcrumb\",\"itemListElement\":[{\"@type\":\"ListItem\",\"position\":1,\"name\":\"Portada\",\"item\":\"https:\\\/\\\/boutiquefloralec.com\\\/\"},{\"@type\":\"ListItem\",\"position\":2,\"name\":\"CONTACTO\"}]},{\"@type\":\"WebSite\",\"@id\":\"https:\\\/\\\/boutiquefloralec.com\\\/#website\",\"url\":\"https:\\\/\\\/boutiquefloralec.com\\\/\",\"name\":\"Boutique Floral\",\"description\":\"Tienda de Regalos y Joyeria\",\"publisher\":{\"@id\":\"https:\\\/\\\/boutiquefloralec.com\\\/#organization\"},\"potentialAction\":[{\"@type\":\"SearchAction\",\"target\":{\"@type\":\"EntryPoint\",\"urlTemplate\":\"https:\\\/\\\/boutiquefloralec.com\\\/?s={search_term_string}\"},\"query-input\":{\"@type\":\"PropertyValueSpecification\",\"valueRequired\":true,\"valueName\":\"search_term_string\"}}],\"inLanguage\":\"es\"},{\"@type\":\"Organization\",\"@id\":\"https:\\\/\\\/boutiquefloralec.com\\\/#organization\",\"name\":\"Boutique Floral\",\"url\":\"https:\\\/\\\/boutiquefloralec.com\\\/\",\"logo\":{\"@type\":\"ImageObject\",\"inLanguage\":\"es\",\"@id\":\"https:\\\/\\\/boutiquefloralec.com\\\/#\\\/schema\\\/logo\\\/image\\\/\",\"url\":\"http:\\\/\\\/boutiquefloralec.com\\\/wp-content\\\/uploads\\\/2024\\\/10\\\/1.png\",\"contentUrl\":\"http:\\\/\\\/boutiquefloralec.com\\\/wp-content\\\/uploads\\\/2024\\\/10\\\/1.png\",\"width\":2500,\"height\":1800,\"caption\":\"Boutique Floral\"},\"image\":{\"@id\":\"https:\\\/\\\/boutiquefloralec.com\\\/#\\\/schema\\\/logo\\\/image\\\/\"},\"sameAs\":[\"https:\\\/\\\/www.facebook.com\\\/boutiquefloralec\\\/\",\"https:\\\/\\\/www.instagram.com\\\/boutiquefloral.ecu\"]}]}<\/script>\n<!-- \/ Yoast SEO plugin. -->","yoast_head_json":{"title":"CONTACTO - Boutique Floral","robots":{"index":"index","follow":"follow","max-snippet":"max-snippet:-1","max-image-preview":"max-image-preview:large","max-video-preview":"max-video-preview:-1"},"canonical":"https:\/\/boutiquefloralec.com\/index.php\/contacto\/","og_locale":"es_ES","og_type":"article","og_title":"CONTACTO - Boutique Floral","og_description":"Necesitas Ayuda ..!! Si tienes dudas, comentarios, deseas saber alguna informaci\u00f3n o tienes un requerimiento en especial puedes contactarnos a trav\u00e9s de nuestro correo electr\u00f3nico, whatsapp : Correo : hola@boutiquefloralec.comCelular : (+593) 0980924052 \/ 0939859734 Direcci\u00f3n: Loja, Eduardo Kigman Y Acasias , sector Supermaxi . Servicio al Cliente y Pedidos","og_url":"https:\/\/boutiquefloralec.com\/index.php\/contacto\/","og_site_name":"Boutique Floral","article_publisher":"https:\/\/www.facebook.com\/boutiquefloralec\/","article_modified_time":"2026-02-27T00:35:16+00:00","og_image":[{"width":2500,"height":1500,"url":"https:\/\/boutiquefloralec.com\/wp-content\/uploads\/2024\/09\/Diseno-sin-titulo1.jpg","type":"image\/jpeg"}],"twitter_card":"summary_large_image","twitter_misc":{"Tiempo de lectura":"1 minuto"},"schema":{"@context":"https:\/\/schema.org","@graph":[{"@type":"WebPage","@id":"https:\/\/boutiquefloralec.com\/index.php\/contacto\/","url":"https:\/\/boutiquefloralec.com\/index.php\/contacto\/","name":"CONTACTO - Boutique Floral","isPartOf":{"@id":"https:\/\/boutiquefloralec.com\/#website"},"primaryImageOfPage":{"@id":"https:\/\/boutiquefloralec.com\/index.php\/contacto\/#primaryimage"},"image":{"@id":"https:\/\/boutiquefloralec.com\/index.php\/contacto\/#primaryimage"},"thumbnailUrl":"http:\/\/boutiquefloralec.com\/wp-content\/uploads\/2024\/09\/Diseno-sin-titulo1.jpg","datePublished":"2024-10-11T04:31:48+00:00","dateModified":"2026-02-27T00:35:16+00:00","breadcrumb":{"@id":"https:\/\/boutiquefloralec.com\/index.php\/contacto\/#breadcrumb"},"inLanguage":"es","potentialAction":[{"@type":"ReadAction","target":["https:\/\/boutiquefloralec.com\/index.php\/contacto\/"]}]},{"@type":"ImageObject","inLanguage":"es","@id":"https:\/\/boutiquefloralec.com\/index.php\/contacto\/#primaryimage","url":"https:\/\/boutiquefloralec.com\/wp-content\/uploads\/2024\/09\/Diseno-sin-titulo1.jpg","contentUrl":"https:\/\/boutiquefloralec.com\/wp-content\/uploads\/2024\/09\/Diseno-sin-titulo1.jpg","width":2500,"height":1500,"caption":"xr:d:DAEoCOUtdDE:38,j:29604584830,t:22062805"},{"@type":"BreadcrumbList","@id":"https:\/\/boutiquefloralec.com\/index.php\/contacto\/#breadcrumb","itemListElement":[{"@type":"ListItem","position":1,"name":"Portada","item":"https:\/\/boutiquefloralec.com\/"},{"@type":"ListItem","position":2,"name":"CONTACTO"}]},{"@type":"WebSite","@id":"https:\/\/boutiquefloralec.com\/#website","url":"https:\/\/boutiquefloralec.com\/","name":"Boutique Floral","description":"Tienda de Regalos y Joyeria","publisher":{"@id":"https:\/\/boutiquefloralec.com\/#organization"},"potentialAction":[{"@type":"SearchAction","target":{"@type":"EntryPoint","urlTemplate":"https:\/\/boutiquefloralec.com\/?s={search_term_string}"},"query-input":{"@type":"PropertyValueSpecification","valueRequired":true,"valueName":"search_term_string"}}],"inLanguage":"es"},{"@type":"Organization","@id":"https:\/\/boutiquefloralec.com\/#organization","name":"Boutique Floral","url":"https:\/\/boutiquefloralec.com\/","logo":{"@type":"ImageObject","inLanguage":"es","@id":"https:\/\/boutiquefloralec.com\/#\/schema\/logo\/image\/","url":"http:\/\/boutiquefloralec.com\/wp-content\/uploads\/2024\/10\/1.png","contentUrl":"http:\/\/boutiquefloralec.com\/wp-content\/uploads\/2024\/10\/1.png","width":2500,"height":1800,"caption":"Boutique Floral"},"image":{"@id":"https:\/\/boutiquefloralec.com\/#\/schema\/logo\/image\/"},"sameAs":["https:\/\/www.facebook.com\/boutiquefloralec\/","https:\/\/www.instagram.com\/boutiquefloral.ecu"]}]}},"jetpack_sharing_enabled":true,"_links":{"self":[{"href":"https:\/\/boutiquefloralec.com\/index.php\/wp-json\/wp\/v2\/pages\/1262","targetHints":{"allow":["GET"]}}],"collection":[{"href":"https:\/\/boutiquefloralec.com\/index.php\/wp-json\/wp\/v2\/pages"}],"about":[{"href":"https:\/\/boutiquefloralec.com\/index.php\/wp-json\/wp\/v2\/types\/page"}],"author":[{"embeddable":true,"href":"https:\/\/boutiquefloralec.com\/index.php\/wp-json\/wp\/v2\/users\/1"}],"replies":[{"embeddable":true,"href":"https:\/\/boutiquefloralec.com\/index.php\/wp-json\/wp\/v2\/comments?post=1262"}],"version-history":[{"count":10,"href":"https:\/\/boutiquefloralec.com\/index.php\/wp-json\/wp\/v2\/pages\/1262\/revisions"}],"predecessor-version":[{"id":2223,"href":"https:\/\/boutiquefloralec.com\/index.php\/wp-json\/wp\/v2\/pages\/1262\/revisions\/2223"}],"wp:attachment":[{"href":"https:\/\/boutiquefloralec.com\/index.php\/wp-json\/wp\/v2\/media?parent=1262"}],"curies":[{"name":"wp","href":"https:\/\/api.w.org\/{rel}","templated":true}]}}